{"id":5,"date":"2020-02-12T20:53:00","date_gmt":"2020-02-12T20:53:00","guid":{"rendered":"http:\/\/xn--avgrneberg-deb.de\/?page_id=5"},"modified":"2026-03-26T08:34:21","modified_gmt":"2026-03-26T08:34:21","slug":"impressum","status":"publish","type":"page","link":"https:\/\/xn--avgrneberg-deb.de\/?page_id=5","title":{"rendered":"Impressum"},"content":{"rendered":"\n<h1 class=\"wp-block-heading\">Impressum<\/h1>\n\n\n\n<h1 class=\"wp-block-heading has-kubio-color-5-background-color has-background\">Angaben gem\u00e4\u00df \u00a7 5 TMG:<\/h1>\n\n\n\n<p class=\"has-kubio-color-5-background-color has-background\">AV Gr\u00fcneberg 1949 e.V.  <br>Weinbergstra\u00dfe 18, 16792 Zehdenick <\/p>\n\n\n\n<p class=\"has-kubio-color-5-background-color has-background\">Telefon: 0151 \/ 58778747  <br><a href=\"mailto:info@die-linke-ohv.de\">info@avgr\u00fcneberg.de<\/a><\/p>\n\n\n\n<h1 class=\"wp-block-heading has-kubio-color-5-background-color has-background\">Verantwortlich f\u00fcr den Inhalt nach \u00a7 55 Abs. 2 RStV:<\/h1>\n\n\n\n<p class=\"has-kubio-color-5-background-color has-background\"> Vorsitzender Christian Barthel<\/p>\n\n\n\n<p class=\"has-kubio-color-5-background-color has-background\">Weinbergstra\u00dfe 18, 16792 Zehdenick <br><a href=\"Telefon: 0151 \/ 58778747\">Telefon: 0151 \/ 58778747  <\/a><br>E-Mail:&nbsp; <a href=\"mailto:info@die-linke-ohv.de\">info@avgr\u00fcneberg.de<\/a> <\/p>\n\n\n\n<h1 class=\"wp-block-heading has-kubio-color-5-background-color has-background\">Haftung f\u00fcr Inhalte<\/h1>\n\n\n\n<p class=\"has-kubio-color-5-background-color has-background\">Als Diensteanbieter sind wir gem\u00e4\u00df \u00a7 7 Abs.1 TMG f\u00fcr eigene Inhalte auf diesen Seiten nach den allgemeinen Gesetzen verantwortlich. Nach \u00a7\u00a7 8 bis 10 TMG sind wir als Diensteanbieter jedoch nicht verpflichtet, \u00fcbermittelte oder gespeicherte fremde Informationen zu \u00fcberwachen oder nach Umst\u00e4nden zu forschen, die auf eine rechtswidrige T\u00e4tigkeit hinweisen.<\/p>\n\n\n\n<p class=\"has-kubio-color-5-background-color has-background\">Verpflichtungen zur Entfernung oder Sperrung der Nutzung von Informationen nach den allgemeinen Gesetzen bleiben hiervon unber\u00fchrt. Eine diesbez\u00fcgliche Haftung ist jedoch erst ab dem Zeitpunkt der Kenntnis einer konkreten Rechtsverletzung m\u00f6glich. Bei Bekanntwerden von entsprechenden Rechtsverletzungen werden wir diese Inhalte umgehend entfernen.<\/p>\n\n\n\n<h1 class=\"wp-block-heading has-kubio-color-5-background-color has-background\">Haftung f\u00fcr Links<\/h1>\n\n\n\n<p class=\"has-kubio-color-5-background-color has-background\">Unser Angebot enth\u00e4lt Links zu externen Webseiten Dritter, auf deren Inhalte wir keinen Einfluss haben. Deshalb k\u00f6nnen wir f\u00fcr diese fremden Inhalte auch keine Gew\u00e4hr \u00fcbernehmen. F\u00fcr die Inhalte der verlinkten Seiten ist stets der jeweilige Anbieter oder Betreiber der Seiten verantwortlich. Die verlinkten Seiten wurden zum Zeitpunkt der Verlinkung auf m\u00f6gliche Rechtsverst\u00f6\u00dfe \u00fcberpr\u00fcft. Rechtswidrige Inhalte waren zum Zeitpunkt der Verlinkung nicht erkennbar.<\/p>\n\n\n\n<p class=\"has-kubio-color-5-background-color has-background\">Eine permanente inhaltliche Kontrolle der verlinkten Seiten ist jedoch ohne konkrete Anhaltspunkte einer Rechtsverletzung nicht zumutbar. Bei Bekanntwerden von Rechtsverletzungen werden wir derartige Links umgehend entfernen.<\/p>\n\n\n\n<h1 class=\"wp-block-heading has-kubio-color-5-background-color has-background\">Urheberrecht<\/h1>\n\n\n\n<p class=\"has-kubio-color-5-background-color has-background\">Die durch die Seitenbetreiber erstellten Inhalte und Werke auf diesen Seiten unterliegen dem deutschen Urheberrecht. Die Vervielf\u00e4ltigung, Bearbeitung, Verbreitung und jede Art der Verwertung au\u00dferhalb der Grenzen des Urheberrechtes bed\u00fcrfen der schriftlichen Zustimmung des jeweiligen Autors bzw. Erstellers. Downloads und Kopien dieser Seite sind nur f\u00fcr den privaten, nicht kommerziellen Gebrauch gestattet.<\/p>\n\n\n\n<p class=\"has-kubio-color-5-background-color has-background\">Soweit die Inhalte auf dieser Seite nicht vom Betreiber erstellt wurden, werden die Urheberrechte Dritter beachtet. Insbesondere werden Inhalte Dritter als solche gekennzeichnet. Sollten Sie trotzdem auf eine Urheberrechtsverletzung aufmerksam werden, bitten wir um einen entsprechenden Hinweis. Bei Bekanntwerden von Rechtsverletzungen werden wir derartige Inhalte umgehend entfernen.<\/p>\n\n\n\n<p class=\"has-kubio-color-5-background-color has-background\"><br><em>Quelle:&nbsp;<a href=\"https:\/\/www.e-recht24.de\/\" target=\"_blank\" rel=\"noreferrer noopener\">eRecht24<\/a><\/em><\/p>\n","protected":false},"excerpt":{"rendered":"<p>Impressum Angaben gem\u00e4\u00df \u00a7 5 TMG: AV Gr\u00fcneberg 1949 e.V. Weinbergstra\u00dfe 18, 16792 Zehdenick Telefon: 0151 \/ 58778747 info@avgr\u00fcneberg.de Verantwortlich f\u00fcr den Inhalt nach \u00a7 55 Abs. 2 RStV: Vorsitzender Christian Barthel Weinbergstra\u00dfe 18, 16792 Zehdenick Telefon: 0151 \/ 58778747 E-Mail:&nbsp; info@avgr\u00fcneberg.de Haftung f\u00fcr Inhalte Als Diensteanbieter sind wir gem\u00e4\u00df \u00a7 7 Abs.1 TMG f\u00fcr [&hellip;]<\/p>\n","protected":false},"author":1,"featured_media":0,"parent":0,"menu_order":0,"comment_status":"closed","ping_status":"closed","template":"","meta":{"saved_in_kubio":false,"footnotes":""},"class_list":["post-5","page","type-page","status-publish","hentry"],"kubio_ai_page_context":{"short_desc":"","purpose":"general"},"_links":{"self":[{"href":"https:\/\/xn--avgrneberg-deb.de\/index.php?rest_route=\/wp\/v2\/pages\/5","targetHints":{"allow":["GET"]}}],"collection":[{"href":"https:\/\/xn--avgrneberg-deb.de\/index.php?rest_route=\/wp\/v2\/pages"}],"about":[{"href":"https:\/\/xn--avgrneberg-deb.de\/index.php?rest_route=\/wp\/v2\/types\/page"}],"author":[{"embeddable":true,"href":"https:\/\/xn--avgrneberg-deb.de\/index.php?rest_route=\/wp\/v2\/users\/1"}],"replies":[{"embeddable":true,"href":"https:\/\/xn--avgrneberg-deb.de\/index.php?rest_route=%2Fwp%2Fv2%2Fcomments&post=5"}],"version-history":[{"count":5,"href":"https:\/\/xn--avgrneberg-deb.de\/index.php?rest_route=\/wp\/v2\/pages\/5\/revisions"}],"predecessor-version":[{"id":560,"href":"https:\/\/xn--avgrneberg-deb.de\/index.php?rest_route=\/wp\/v2\/pages\/5\/revisions\/560"}],"wp:attachment":[{"href":"https:\/\/xn--avgrneberg-deb.de\/index.php?rest_route=%2Fwp%2Fv2%2Fmedia&parent=5"}],"curies":[{"name":"wp","href":"https:\/\/api.w.org\/{rel}","templated":true}]}}